{"id":1,"date":"2019-09-04T14:57:03","date_gmt":"2019-09-04T14:57:03","guid":{"rendered":"https:\/\/nikkib.clicetcom.fr\/?p=1"},"modified":"2022-06-30T12:18:42","modified_gmt":"2022-06-30T12:18:42","slug":"accueil","status":"publish","type":"page","link":"https:\/\/nikkib.clicetcom.fr\/","title":{"rendered":"Accueil"},"content":{"rendered":"<ul>\n<li>\n<p>        <img decoding=\"async\" src=\"\/wp-content\/uploads\/2022\/06\/245jhg320600_2988992624656715_5386585171976447502_n-copie.jpg\" alt=\"\"><\/p>\n<div>NIKKI BEUNEICHE<\/div>\n<p>Atelier d&rsquo;architecture<\/p>\n<\/li>\n<li>\n<p>        <img decoding=\"async\" src=\"\/wp-content\/uploads\/2022\/06\/fd.jpg\" alt=\"\"><\/p>\n<div>NIKKI BEUNEICHE<\/div>\n<p>Atelier d&rsquo;architecture<\/p>\n<\/li>\n<li>\n<p>        <img decoding=\"async\" src=\"\/wp-content\/uploads\/2022\/06\/245320600_2988992624656715_5386585171976447502_n-copie.jpg\" alt=\"\"><\/p>\n<div>NIKKI BEUNEICHE<\/div>\n<p>Atelier d&rsquo;architecture<\/p>\n<\/li>\n<\/ul>\n<ul>\n<li>\n<p>        <img decoding=\"async\" src=\"\/wp-content\/uploads\/2022\/06\/245jhg320600_2988992624656715_5386585171976447502_n-copie.jpg\" alt=\"\"><\/p>\n<h2>NIKKI BEUNEICHE<\/h2>\n<p>Atelier d&rsquo;architecture<\/p>\n<\/li>\n<li>\n<p>        <img decoding=\"async\" src=\"\/wp-content\/uploads\/2022\/06\/fd.jpg\" alt=\"\"><\/p>\n<h2>NIKKI BEUNEICHE<\/h2>\n<p>Atelier d&rsquo;architecture<\/p>\n<\/li>\n<li>\n<p>        <img decoding=\"async\" src=\"\/wp-content\/uploads\/2022\/06\/245320600_2988992624656715_5386585171976447502_n-copie.jpg\" alt=\"\"><\/p>\n<h2>NIKKI BEUNEICHE<\/h2>\n<p>Atelier d&rsquo;architecture<\/p>\n<\/li>\n<\/ul>\n<ul>\n<li>\n        <a href=\"\/index.php?page_id=19\">Prestations<\/a>\n    <\/li>\n<li>\n        <a href=\"\/index.php?page_id=1275\">R\u00e9alisations<\/a>\n    <\/li>\n<\/ul>\n<ul>\n<li>\n        <a href=\"https:\/\/nikkib.clicetcom.fr\/?page_id=19\">Prestations<\/a>\n    <\/li>\n<li>\n        <a href=\"\/index.php?page_id=1275\">R\u00e9alisations<\/a>\n    <\/li>\n<\/ul>\n<p><img decoding=\"async\" src=\"\/wp-content\/uploads\/2022\/06\/1.jpeg\" alt=\"\"><\/p>\n<h2>QUI SOMMES NOUS ?<\/h2>\n<div>\n<p><span>Atelier d\u2019Architecture Nikki Beuneiche \/\/ AANB est une\u00a0<\/span><span class=\"uk-text-primary\">agence fran\u00e7aise d\u2019architecture<\/span><span>\u00a0bas\u00e9e \u00e0 Caen. Architecte en Normandie, Nikki Beuneiche est\u00a0<\/span><span class=\"uk-text-primary \">dipl\u00f4m\u00e9 de l\u2019Ecole Nationale Sup\u00e9rieure d\u2019Architecture Paris Malaquais<\/span><span>\u00a0(Architecte HMONP) ainsi que\u00a0<\/span><span class=\"uk-text-primary \">l\u2019\u00e9cole Camondo (Architecture d\u2019int\u00e9rieur et design)<\/span><span>. Suite \u00e0 une exp\u00e9rience professionnelle en Suisse, elle d\u00e9cide de revenir aux sources pour y cr\u00e9er son Atelier d\u2019Architecture.\u00a0<\/span><span class=\"uk-text-primary\">M\u00e9ticuleuse et rigoureuse<\/span><span>\u00a0, l\u2019Atelier apportera \u00e0 votre projet une r\u00e9ponse architecturale coh\u00e9rente de qualit\u00e9.<\/span><\/p>\n<\/div>\n<p>\n    <a href=\"\/index.php?page_id=20\">D\u00e9couvrir plus <\/a>\n<\/p>\n<p><img decoding=\"async\" src=\"\/wp-content\/uploads\/2022\/06\/241523229_2977212069168104_1927021394637166621_n.jpeg\" alt=\"\"><\/p>\n<h2>NOTRE R\u00c9SEAU<\/h2>\n<div>\n<p><span>Afin de vous proposer un <span class=\"uk-text-primary \">travail de qualit\u00e9<\/span> , nous entretenons un grand nombre de relations avec des entreprises <span class=\"uk-text-primary \">locales et s\u00e9lectionn\u00e9s selon leur qualit\u00e9.<\/span><\/span><br \/><span>En travaillant avec NIKKI BEUNEICHE pour vos projets d\u2019architecture, vous faites le choix d\u2019un <span class=\"uk-text-primary \"> travail coh\u00e9rent et de qualit\u00e9.<\/span><\/span><\/p>\n<\/div>\n<p><img decoding=\"async\" src=\"\/wp-content\/uploads\/2022\/06\/240594097_2977212062501438_8126670179707699610_n.jpeg\" alt=\"\"><\/p>\n<p><!--more--><br \/>\n<!-- {\"name\":\"Home\",\"type\":\"layout\",\"children\":[{\"type\":\"section\",\"props\":{\"style\":\"primary\",\"width\":\"\",\"vertical_align\":\"middle\",\"title_position\":\"top-left\",\"title_rotation\":\"left\",\"title_breakpoint\":\"xl\",\"image_position\":\"center-center\",\"padding\":\"none\",\"header_transparent_noplaceholder\":true,\"preserve_color\":false},\"children\":[{\"type\":\"row\",\"children\":[{\"type\":\"column\",\"props\":{\"image_position\":\"center-center\",\"media_overlay_gradient\":\"\",\"text_color\":\"light\",\"width_medium\":\"1-1\",\"position_sticky_breakpoint\":\"m\"},\"children\":[{\"type\":\"slideshow\",\"props\":{\"show_title\":true,\"show_meta\":true,\"show_content\":true,\"show_link\":true,\"show_thumbnail\":true,\"slideshow_min_height\":\"600\",\"slideshow_autoplay_pause\":false,\"nav\":\"\",\"nav_position\":\"bottom-center\",\"nav_position_margin\":\"medium\",\"nav_align\":\"center\",\"nav_breakpoint\":\"s\",\"thumbnav_width\":\"100\",\"thumbnav_height\":\"75\",\"thumbnav_svg_color\":\"emphasis\",\"slidenav\":\"\",\"slidenav_margin\":\"medium\",\"slidenav_breakpoint\":\"s\",\"slidenav_outside_breakpoint\":\"xl\",\"overlay_position\":\"center\",\"overlay_animation\":\"parallax\",\"title_element\":\"div\",\"meta_style\":\"h4\",\"meta_align\":\"below-title\",\"link_text\":\"Read more\",\"link_style\":\"secondary\",\"margin\":\"remove-vertical\",\"slideshow_height\":\"full\",\"text_color\":\"light\",\"slideshow_box_shadow\":\"\",\"slideshow_box_decoration\":\"\",\"slideshow_animation\":\"fade\",\"slideshow_kenburns\":\"\",\"nav_margin\":\"\",\"nav_color\":\"\",\"slidenav_outside_color\":\"\",\"overlay_container\":\"\",\"overlay_container_padding\":\"\",\"overlay_width\":\"\",\"title_style\":\"heading-medium\",\"meta_margin\":\"small\",\"content_style\":\"lead\",\"content_margin\":\"large\",\"link_size\":\"large\",\"link_margin\":\"xlarge\",\"text_align\":\"center\",\"animation\":\"parallax\",\"slideshow_autoplay\":true,\"slideshow_autoplay_interval\":\"3\",\"css\":\"@media (max-width: 640px) {\\n    .el-meta {\\n        display: none;\\n    }\\n}\",\"image_width\":\"1840\",\"meta_element\":\"div\",\"visibility\":\"hidden-s\"},\"children\":[{\"type\":\"slideshow_item\",\"props\":{\"image\":\"wp-content\\\/uploads\\\/2022\\\/06\\\/245jhg320600_2988992624656715_5386585171976447502_n-copie.jpg\",\"title\":\"NIKKI BEUNEICHE\",\"meta\":\"Atelier d'architecture\",\"media_overlay\":\"rgba(0, 0, 0, 0.32)\"}},{\"type\":\"slideshow_item\",\"props\":{\"image\":\"wp-content\\\/uploads\\\/2022\\\/06\\\/fd.jpg\",\"title\":\"NIKKI BEUNEICHE\",\"meta\":\"Atelier d'architecture\",\"media_overlay\":\"rgba(0, 0, 0, 0.32)\"}},{\"type\":\"slideshow_item\",\"props\":{\"image\":\"wp-content\\\/uploads\\\/2022\\\/06\\\/245320600_2988992624656715_5386585171976447502_n-copie.jpg\",\"title\":\"NIKKI BEUNEICHE\",\"meta\":\"Atelier d'architecture\",\"media_overlay\":\"rgba(0, 0, 0, 0.32)\"}}]},{\"type\":\"slideshow\",\"props\":{\"show_title\":true,\"show_meta\":true,\"show_content\":true,\"show_link\":true,\"show_thumbnail\":true,\"slideshow_min_height\":\"600\",\"slideshow_autoplay_pause\":false,\"nav\":\"\",\"nav_position\":\"bottom-center\",\"nav_position_margin\":\"medium\",\"nav_align\":\"center\",\"nav_breakpoint\":\"s\",\"thumbnav_width\":\"100\",\"thumbnav_height\":\"75\",\"thumbnav_svg_color\":\"emphasis\",\"slidenav\":\"\",\"slidenav_margin\":\"medium\",\"slidenav_breakpoint\":\"s\",\"slidenav_outside_breakpoint\":\"xl\",\"overlay_position\":\"center\",\"overlay_animation\":\"parallax\",\"title_element\":\"h2\",\"meta_style\":\"h4\",\"meta_align\":\"below-title\",\"link_text\":\"Read more\",\"link_style\":\"secondary\",\"margin\":\"remove-vertical\",\"slideshow_height\":\"full\",\"text_color\":\"light\",\"slideshow_box_shadow\":\"\",\"slideshow_box_decoration\":\"\",\"slideshow_animation\":\"fade\",\"slideshow_kenburns\":\"\",\"nav_margin\":\"\",\"nav_color\":\"\",\"slidenav_outside_color\":\"\",\"overlay_container\":\"\",\"overlay_container_padding\":\"\",\"overlay_width\":\"\",\"title_style\":\"heading-2xlarge\",\"meta_margin\":\"small\",\"content_style\":\"lead\",\"content_margin\":\"large\",\"link_size\":\"large\",\"link_margin\":\"xlarge\",\"text_align\":\"center\",\"animation\":\"parallax\",\"slideshow_autoplay\":true,\"slideshow_autoplay_interval\":\"3\",\"css\":\"@media (max-width: 640px) {\\n    .el-meta {\\n        display: none;\\n    }\\n}\",\"image_width\":\"1840\",\"meta_element\":\"div\",\"visibility\":\"s\"},\"children\":[{\"type\":\"slideshow_item\",\"props\":{\"image\":\"wp-content\\\/uploads\\\/2022\\\/06\\\/245jhg320600_2988992624656715_5386585171976447502_n-copie.jpg\",\"title\":\"NIKKI BEUNEICHE\",\"meta\":\"Atelier d'architecture\",\"media_overlay\":\"rgba(0, 0, 0, 0.32)\"}},{\"type\":\"slideshow_item\",\"props\":{\"image\":\"wp-content\\\/uploads\\\/2022\\\/06\\\/fd.jpg\",\"title\":\"NIKKI BEUNEICHE\",\"meta\":\"Atelier d'architecture\",\"media_overlay\":\"rgba(0, 0, 0, 0.32)\"}},{\"type\":\"slideshow_item\",\"props\":{\"image\":\"wp-content\\\/uploads\\\/2022\\\/06\\\/245320600_2988992624656715_5386585171976447502_n-copie.jpg\",\"title\":\"NIKKI BEUNEICHE\",\"meta\":\"Atelier d'architecture\",\"media_overlay\":\"rgba(0, 0, 0, 0.32)\"}}]},{\"type\":\"button\",\"props\":{\"margin\":\"default\",\"button_size\":\"large\",\"position\":\"absolute\",\"position_z_index\":\"1\",\"text_align\":\"center\",\"position_bottom\":\"5vh\",\"grid_column_gap\":\"small\",\"grid_row_gap\":\"small\",\"visibility\":\"m\"},\"children\":[{\"type\":\"button_item\",\"props\":{\"button_style\":\"secondary\",\"icon_align\":\"left\",\"content\":\"Prestations\",\"link\":\"index.php?page_id=19\"}},{\"type\":\"button_item\",\"props\":{\"button_style\":\"primary\",\"icon_align\":\"left\",\"content\":\"R\\u00e9alisations\",\"link\":\"index.php?page_id=1275\"}}]},{\"type\":\"button\",\"props\":{\"margin\":\"default\",\"position\":\"absolute\",\"position_z_index\":\"1\",\"text_align\":\"center\",\"position_bottom\":\"5vh\",\"grid_column_gap\":\"small\",\"grid_row_gap\":\"small\",\"visibility\":\"hidden-m\",\"fullwidth\":false},\"children\":[{\"type\":\"button_item\",\"props\":{\"button_style\":\"secondary\",\"icon_align\":\"left\",\"content\":\"Prestations\",\"link\":\"https:\\\/\\\/nikkib.clicetcom.fr\\\/?page_id=19\"}},{\"type\":\"button_item\",\"props\":{\"button_style\":\"primary\",\"icon_align\":\"left\",\"link_target\":\"blank\",\"content\":\"R\\u00e9alisations\",\"link\":\"index.php?page_id=1275\"}}]}]}]}],\"name\":\"Hero\"},{\"type\":\"section\",\"props\":{\"style\":\"default\",\"width\":\"xlarge\",\"vertical_align\":\"middle\",\"title_position\":\"top-left\",\"title_rotation\":\"left\",\"title_breakpoint\":\"xl\",\"image_position\":\"center-center\",\"padding\":\"large\",\"padding_remove_top\":false,\"padding_remove_bottom\":true},\"children\":[{\"type\":\"row\",\"props\":{\"layout\":\"1-2,1-2\",\"column_gap\":\"large\",\"row_gap\":\"large\"},\"children\":[{\"type\":\"column\",\"props\":{\"image_position\":\"center-center\",\"media_overlay_gradient\":\"\",\"vertical_align\":\"middle\",\"width_small\":\"1-2\",\"position_sticky_breakpoint\":\"m\"},\"children\":[{\"type\":\"image\",\"props\":{\"margin\":\"default\",\"image_svg_color\":\"emphasis\",\"image\":\"wp-content\\\/uploads\\\/2022\\\/06\\\/1.jpeg\",\"image_width\":\"800\",\"link\":\"\",\"image_height\":\"1000\"}}]},{\"type\":\"column\",\"props\":{\"image_position\":\"center-center\",\"media_overlay_gradient\":\"\",\"vertical_align\":\"middle\",\"width_small\":\"1-2\",\"order_first\":\"s\",\"position_sticky_breakpoint\":\"m\"},\"children\":[{\"type\":\"headline\",\"props\":{\"title_element\":\"h2\",\"maxwidth\":\"large\",\"block_align\":\"center\",\"text_align\":\"left\",\"text_align_breakpoint\":\"s\",\"text_align_fallback\":\"center\",\"content\":\"QUI SOMMES NOUS ?\"}},{\"type\":\"text\",\"props\":{\"margin\":\"medium\",\"column_breakpoint\":\"m\",\"maxwidth\":\"large\",\"block_align\":\"center\",\"text_align\":\"left\",\"text_align_breakpoint\":\"s\",\"text_align_fallback\":\"center\",\"content\":\"\n\n<p><span>Atelier d\\u2019Architecture Nikki Beuneiche \\\/\\\/ AANB est une\\u00a0<\\\/span><span class=\\\"uk-text-primary\\\">agence fran\\u00e7aise d\\u2019architecture<\\\/span><span>\\u00a0bas\\u00e9e \\u00e0 Caen. Architecte en Normandie, Nikki Beuneiche est\\u00a0<\\\/span><span class=\\\"uk-text-primary \\\">dipl\\u00f4m\\u00e9 de l\\u2019Ecole Nationale Sup\\u00e9rieure d\\u2019Architecture Paris Malaquais<\\\/span><span>\\u00a0(Architecte HMONP) ainsi que\\u00a0<\\\/span><span class=\\\"uk-text-primary \\\">l\\u2019\\u00e9cole Camondo (Architecture d\\u2019int\\u00e9rieur et design)<\\\/span><span>. Suite \\u00e0 une exp\\u00e9rience professionnelle en Suisse, elle d\\u00e9cide de revenir aux sources pour y cr\\u00e9er son Atelier d\\u2019Architecture.\\u00a0<\\\/span><span class=\\\"uk-text-primary\\\">M\\u00e9ticuleuse et rigoureuse<\\\/span><span>\\u00a0, l\\u2019Atelier apportera \\u00e0 votre projet une r\\u00e9ponse architecturale coh\\u00e9rente de qualit\\u00e9.<\\\/span><\\\/p>\"}},{\"type\":\"button\",\"props\":{\"margin\":\"large\",\"button_size\":\"large\",\"maxwidth\":\"large\",\"block_align\":\"center\",\"text_align\":\"left\",\"text_align_breakpoint\":\"s\",\"text_align_fallback\":\"center\",\"grid_column_gap\":\"small\",\"grid_row_gap\":\"small\"},\"children\":[{\"type\":\"button_item\",\"props\":{\"button_style\":\"secondary\",\"icon_align\":\"left\",\"content\":\"D\\u00e9couvrir plus \",\"link\":\"index.php?page_id=20\"}}]}]}]}],\"name\":\"About\"},{\"type\":\"section\",\"props\":{\"style\":\"default\",\"width\":\"xlarge\",\"vertical_align\":\"middle\",\"title_position\":\"top-left\",\"title_rotation\":\"left\",\"title_breakpoint\":\"xl\",\"image_position\":\"bottom-center\",\"padding\":\"xlarge\",\"padding_remove_bottom\":false,\"image\":\"wp-content\\\/uploads\\\/2022\\\/06\\\/NOTRE-RESEAU-2.svg\",\"media_overlay\":\"rgba(255, 255, 255, 0)\",\"image_effect\":\"fixed\",\"image_parallax_bgy_end\":\"240\",\"image_width\":\"1700\"},\"children\":[{\"type\":\"row\",\"props\":{\"layout\":\"1-3,1-3,1-3\",\"row_gap\":\"collapse\"},\"children\":[{\"type\":\"column\",\"props\":{\"image_position\":\"center-center\",\"media_overlay_gradient\":\"\",\"width_large\":\"1-3\",\"position_sticky_breakpoint\":\"m\"},\"children\":[{\"type\":\"image\",\"props\":{\"margin\":\"default\",\"image_svg_color\":\"emphasis\",\"image\":\"wp-content\\\/uploads\\\/2022\\\/06\\\/241523229_2977212069168104_1927021394637166621_n.jpeg\"}}]},{\"type\":\"column\",\"props\":{\"image_position\":\"center-center\",\"media_overlay_gradient\":\"\",\"vertical_align\":\"middle\",\"width_large\":\"1-3\",\"position_sticky_breakpoint\":\"m\"},\"children\":[{\"type\":\"headline\",\"props\":{\"title_element\":\"h2\",\"title_style\":\"h2\",\"text_align\":\"center\",\"content\":\"NOTRE R\\u00c9SEAU\",\"position_left\":\"0\"}},{\"type\":\"divider\",\"props\":{\"divider_element\":\"div\",\"divider_style\":\"small\",\"divider_align\":\"center\",\"divider_align_breakpoint\":\"\",\"divider_align_fallback\":\"\",\"margin\":\"medium\"}},{\"type\":\"text\",\"props\":{\"margin\":\"default\",\"column_breakpoint\":\"m\",\"text_align\":\"center\",\"maxwidth\":\"2xlarge\",\"content\":\"\n\n<p><span>Afin de vous proposer un <span class=\\\"uk-text-primary \\\">travail de qualit\\u00e9<\\\/span> , nous entretenons un grand nombre de relations avec des entreprises <span class=\\\"uk-text-primary \\\">locales et s\\u00e9lectionn\\u00e9s selon leur qualit\\u00e9.<\\\/span><\\\/span><br \\\/><span>En travaillant avec NIKKI BEUNEICHE pour vos projets d\\u2019architecture, vous faites le choix d\\u2019un <span class=\\\"uk-text-primary \\\"> travail coh\\u00e9rent et de qualit\\u00e9.<\\\/span><\\\/span><\\\/p>\",\"block_align\":\"center\"}}]},{\"type\":\"column\",\"props\":{\"image_position\":\"center-center\",\"media_overlay_gradient\":\"\",\"width_large\":\"1-3\",\"position_sticky_breakpoint\":\"m\"},\"children\":[{\"type\":\"image\",\"props\":{\"margin\":\"default\",\"image_svg_color\":\"emphasis\",\"image\":\"wp-content\\\/uploads\\\/2022\\\/06\\\/240594097_2977212062501438_8126670179707699610_n.jpeg\"}}]}]}],\"name\":\"Products\"}],\"version\":\"2.7.22\"} --><\/p>\n","protected":false},"excerpt":{"rendered":"<p>NIKKI BEUNEICHE Atelier d&rsquo;architecture NIKKI BEUNEICHE Atelier d&rsquo;architecture NIKKI BEUNEICHE Atelier d&rsquo;architecture NIKKI BEUNEICHE Atelier d&rsquo;architecture NIKKI BEUNEICHE Atelier d&rsquo;architecture NIKKI BEUNEICHE Atelier d&rsquo;architecture Prestations R\u00e9alisations Prestations R\u00e9alisations QUI SOMMES NOUS ? Atelier d\u2019Architecture Nikki Beuneiche \/\/ AANB est une\u00a0agence fran\u00e7aise d\u2019architecture\u00a0bas\u00e9e \u00e0 Caen. Architecte en Normandie, Nikki Beuneiche est\u00a0dipl\u00f4m\u00e9 de l\u2019Ecole Nationale Sup\u00e9rieure d\u2019Architecture [&hellip;]<\/p>\n","protected":false},"author":1,"featured_media":0,"parent":0,"menu_order":5,"comment_status":"open","ping_status":"closed","template":"","meta":{"footnotes":""},"class_list":["post-1","page","type-page","status-publish","hentry"],"acf":[],"_links":{"self":[{"href":"https:\/\/nikkib.clicetcom.fr\/index.php?rest_route=\/wp\/v2\/pages\/1","targetHints":{"allow":["GET"]}}],"collection":[{"href":"https:\/\/nikkib.clicetcom.fr\/index.php?rest_route=\/wp\/v2\/pages"}],"about":[{"href":"https:\/\/nikkib.clicetcom.fr\/index.php?rest_route=\/wp\/v2\/types\/page"}],"author":[{"embeddable":true,"href":"https:\/\/nikkib.clicetcom.fr\/index.php?rest_route=\/wp\/v2\/users\/1"}],"replies":[{"embeddable":true,"href":"https:\/\/nikkib.clicetcom.fr\/index.php?rest_route=%2Fwp%2Fv2%2Fcomments&post=1"}],"version-history":[{"count":50,"href":"https:\/\/nikkib.clicetcom.fr\/index.php?rest_route=\/wp\/v2\/pages\/1\/revisions"}],"predecessor-version":[{"id":1636,"href":"https:\/\/nikkib.clicetcom.fr\/index.php?rest_route=\/wp\/v2\/pages\/1\/revisions\/1636"}],"wp:attachment":[{"href":"https:\/\/nikkib.clicetcom.fr\/index.php?rest_route=%2Fwp%2Fv2%2Fmedia&parent=1"}],"curies":[{"name":"wp","href":"https:\/\/api.w.org\/{rel}","templated":true}]}}