{"id":21,"date":"2019-09-04T14:57:03","date_gmt":"2019-09-04T14:57:03","guid":{"rendered":"https:\/\/nikkib.clicetcom.fr\/?p=21"},"modified":"2022-06-29T13:10:21","modified_gmt":"2022-06-29T13:10:21","slug":"contact","status":"publish","type":"page","link":"https:\/\/nikkib.clicetcom.fr\/?page_id=21","title":{"rendered":"Contact"},"content":{"rendered":"<h1>NOUS CONTACTER<\/h1>\n<div>\n<h1>Heures d&rsquo;ouverture <\/h1>\n<\/div>\n<ul>\n<li>\n<h3>Lundi<\/h3>\n<p>09:00 \u2013 19:00<\/p>\n<\/li>\n<li>\n<h3>Mardi<\/h3>\n<p>09:00 \u2013 19:00<\/p>\n<\/li>\n<li>\n<h3>Mercredi<\/h3>\n<p>09:00 \u2013 19:00<\/p>\n<\/li>\n<li>\n<h3>Jeudi<\/h3>\n<p>09:00 \u2013 19:00<\/p>\n<\/li>\n<li>\n<h3>Vendredi<\/h3>\n<p>09:00 \u2013 19:00<\/p>\n<\/li>\n<li>\n<h3>Samedi<\/h3>\n<p>Ferm\u00e9<\/p>\n<\/li>\n<li>\n<h3>Dimanche <\/h3>\n<p>ferm\u00e9<\/p>\n<\/li>\n<\/ul>\n<h2>Vous avez une question ?<\/h2>\n<div>\n<div role=\"form\" class=\"wpcf7\" id=\"wpcf7-f1380-o1\" lang=\"fr-FR\" dir=\"ltr\">\n<div class=\"screen-reader-response\"><p role=\"status\" aria-live=\"polite\" aria-atomic=\"true\"><\/p> <ul><\/ul><\/div>\n<form action=\"\/index.php?rest_route=%2Fwp%2Fv2%2Fpages%2F21#wpcf7-f1380-o1\" method=\"post\" class=\"wpcf7-form init\" novalidate=\"novalidate\" data-status=\"init\">\n<div style=\"display: none;\">\n<input type=\"hidden\" name=\"_wpcf7\" value=\"1380\" \/>\n<input type=\"hidden\" name=\"_wpcf7_version\" value=\"5.6\" \/>\n<input type=\"hidden\" name=\"_wpcf7_locale\" value=\"fr_FR\" \/>\n<input type=\"hidden\" name=\"_wpcf7_unit_tag\" value=\"wpcf7-f1380-o1\" \/>\n<input type=\"hidden\" name=\"_wpcf7_container_post\" value=\"0\" \/>\n<input type=\"hidden\" name=\"_wpcf7_posted_data_hash\" value=\"\" \/>\n<\/div>\n<div uk-grid class=\"uk-grid-row-small\">\n<div class=\"uk-width-1-2\">\n    <span class=\"wpcf7-form-control-wrap\" data-name=\"your-name\"><input type=\"text\" name=\"your-name\" value=\"\" size=\"40\" class=\"wpcf7-form-control wpcf7-text wpcf7-validates-as-required uk-input uk-form\" aria-required=\"true\" aria-invalid=\"false\" placeholder=\"Nom\" \/><\/span>\n<\/div>\n<div class=\"uk-width-1-2\">\n    <span class=\"wpcf7-form-control-wrap\" data-name=\"your-prenom\"><input type=\"text\" name=\"your-prenom\" value=\"\" size=\"40\" class=\"wpcf7-form-control wpcf7-text wpcf7-validates-as-required uk-input uk-form\" aria-required=\"true\" aria-invalid=\"false\" placeholder=\"Pr\u00e9nom\" \/><\/span>\n<\/div>\n<div class=\"uk-width-1-2\">\n    <span class=\"wpcf7-form-control-wrap\" data-name=\"your-email\"><input type=\"text\" name=\"your-email\" value=\"\" size=\"40\" class=\"wpcf7-form-control wpcf7-text wpcf7-validates-as-required uk-input uk-form\" aria-required=\"true\" aria-invalid=\"false\" placeholder=\"Adresse e-mail\" \/><\/span>\n<\/div>\n<div class=\"uk-width-1-2\">\n    <span class=\"wpcf7-form-control-wrap\" data-name=\"your-email\"><input type=\"text\" name=\"your-email\" value=\"\" size=\"40\" class=\"wpcf7-form-control wpcf7-text wpcf7-validates-as-required uk-input uk-form\" aria-required=\"true\" aria-invalid=\"false\" placeholder=\"Sujet\" \/><\/span>\n<\/div>\n<div class=\"uk-width-2-2\">\n    <span class=\"wpcf7-form-control-wrap\" data-name=\"your-message\"><textarea name=\"your-message\" cols=\"40\" rows=\"10\" class=\"wpcf7-form-control wpcf7-textarea uk-textarea uk-form\" aria-invalid=\"false\" placeholder=\"Votre message\"><\/textarea><\/span>\n<\/div>\n<div class=\"uk-width-1-3\">\n<input type=\"submit\" value=\"Envoyer\" class=\"wpcf7-form-control has-spinner wpcf7-submit uk-button uk-button-default\" \/>\n<\/div>\n<\/div>\n<div class=\"wpcf7-response-output\" aria-hidden=\"true\"><\/div><\/form><\/div>\n<\/div>\n<div>\n<p>49.169,-0.3587<\/p>\n<\/div>\n<ul>\n<li>\n<div>\n<p>15 Boulevard Mar\u00e9chal Lyautey<\/p>\n<\/div>\n<\/li>\n<li>\n<div>\n<p>14000 Caen<\/p>\n<\/div>\n<\/li>\n<\/ul>\n<ul>\n<li>\n<h3>Tel<\/h3>\n<p><a href=\"tel:+555-1234678\"><\/p>\n<p>06 84 43 17 91<\/p>\n<p><\/a><\/p>\n<\/li>\n<li>\n<h3>Mail<\/h3>\n<p><a href=\"tel:+555-1234678\"><\/p>\n<p>aanb@orange.fr<\/p>\n<p><\/a><\/p>\n<\/li>\n<\/ul>\n<p><!--more--><br \/>\n<!-- {\"name\":\"Contact\",\"type\":\"layout\",\"children\":[{\"name\":\"Opening hours\",\"type\":\"section\",\"props\":{\"width\":\"large\",\"padding\":\"large\",\"style\":\"default\",\"media\":\"\",\"height_viewport\":false,\"header_overlay\":\"light\",\"animation\":\"fade\",\"padding_remove_top\":false,\"image_position\":\"center-center\",\"vertical_align\":\"middle\",\"title_position\":\"top-left\",\"title_rotation\":\"left\",\"title_breakpoint\":\"xl\",\"image\":\"\",\"image_effect\":\"parallax\",\"image_parallax_bgy_start\":-250,\"image_parallax_bgy_end\":10,\"header_transparent\":\"dark\",\"media_visibility\":\"m\",\"media_overlay\":\"rgba(255, 255, 255, 0.73)\",\"image_size\":\"contain\"},\"children\":[{\"type\":\"row\",\"children\":[{\"type\":\"column\",\"props\":{\"position_sticky_breakpoint\":\"m\",\"image_position\":\"center-center\",\"media_overlay_gradient\":\"\"},\"children\":[{\"type\":\"headline\",\"props\":{\"title_element\":\"h1\",\"content\":\"NOUS CONTACTER\",\"title_style\":\"heading-medium\",\"text_align\":\"center\"}}]}]},{\"name\":\"\",\"type\":\"row\",\"props\":{\"layout\":\"1-2,1-2\",\"margin\":\"default\",\"vertical_align\":true,\"match\":false,\"divider\":false},\"children\":[{\"name\":\"\",\"type\":\"column\",\"props\":{\"image_position\":\"center-center\",\"media_overlay_gradient\":\"\",\"width_large\":\"1-2\",\"position_sticky_breakpoint\":\"m\",\"style\":\"muted\"},\"children\":[{\"name\":\"\",\"type\":\"panel\",\"props\":{\"link_text\":\"Read more\",\"title_element\":\"h1\",\"meta_style\":\"meta\",\"meta_align\":\"below-title\",\"image_align\":\"top\",\"image_grid_width\":\"1-2\",\"link_style\":\"default\",\"margin\":\"large\",\"title\":\"Heures d'ouverture \",\"content\":\"\",\"maxwidth\":\"large\",\"text_align\":\"center\",\"text_align_breakpoint\":\"l\",\"text_align_fallback\":\"center\",\"maxwidth_breakpoint\":\"l\",\"image_svg_color\":\"emphasis\",\"title_style\":\"h2\",\"title_align\":\"top\",\"title_grid_width\":\"1-2\",\"title_hover_style\":\"reset\",\"title_grid_breakpoint\":\"m\",\"image_grid_breakpoint\":\"m\",\"icon_width\":80,\"meta_element\":\"div\",\"content_column_breakpoint\":\"m\"}},{\"name\":\"\",\"type\":\"description_list\",\"props\":{\"show_title\":true,\"show_meta\":true,\"show_content\":true,\"show_link\":true,\"layout\":\"grid-2-m\",\"meta_style\":\"h6\",\"meta_align\":\"below-content\",\"list_size\":\"large\",\"maxwidth\":\"large\",\"margin\":\"medium\",\"maxwidth_breakpoint\":\"l\",\"text_align\":\"left\",\"text_align_breakpoint\":\"l\",\"text_align_fallback\":\"center\",\"title_grid_column_gap\":\"small\",\"title_grid_row_gap\":\"small\",\"title_grid_breakpoint\":\"s\",\"title_grid_width\":\"expand\",\"title_leader\":true,\"list_element\":\"ul\",\"column_breakpoint\":\"m\",\"title_element\":\"div\"},\"children\":[{\"name\":\"\",\"type\":\"description_list_item\",\"props\":{\"title\":\"Lundi\",\"content\":\"\",\"meta\":\"09:00 \\u2013 19:00\"}},{\"name\":\"\",\"type\":\"description_list_item\",\"props\":{\"title\":\"Mardi\",\"content\":\"\",\"meta\":\"09:00 \\u2013 19:00\"}},{\"name\":\"\",\"type\":\"description_list_item\",\"props\":{\"title\":\"Mercredi\",\"content\":\"\",\"meta\":\"09:00 \\u2013 19:00\"}},{\"name\":\"\",\"type\":\"description_list_item\",\"props\":{\"title\":\"Jeudi\",\"content\":\"\",\"meta\":\"09:00 \\u2013 19:00\"}},{\"name\":\"\",\"type\":\"description_list_item\",\"props\":{\"title\":\"Vendredi\",\"content\":\"\",\"meta\":\"09:00 \\u2013 19:00\"}},{\"name\":\"\",\"type\":\"description_list_item\",\"props\":{\"title\":\"Samedi\",\"content\":\"\",\"meta\":\"Ferm\\u00e9\"}},{\"name\":\"\",\"type\":\"description_list_item\",\"props\":{\"title\":\"Dimanche \",\"content\":\"\",\"meta\":\"ferm\\u00e9\"}}]}]},{\"name\":\"\",\"type\":\"column\",\"props\":{\"image_position\":\"center-center\",\"media_overlay_gradient\":\"\",\"width_large\":\"1-2\",\"position_sticky_breakpoint\":\"m\",\"style\":\"muted\"},\"children\":[{\"name\":\"\",\"type\":\"headline\",\"props\":{\"title_element\":\"h2\",\"content\":\"Vous avez une question ?\",\"text_align\":\"center\",\"title_style\":\"h2\"}},{\"type\":\"text\",\"props\":{\"margin\":\"default\",\"column_breakpoint\":\"m\",\"content\":\"\n\n<p>[contact-form-7 id=\\\"1380\\\" title=\\\"Formulaire de contact 1\\\"]<\\\/p>\"}}]}]},{\"name\":\"\",\"type\":\"row\",\"props\":{\"layout\":\"2-3,1-3\",\"column_gap\":\"collapse\",\"row_gap\":\"collapse\"},\"children\":[{\"name\":\"\",\"type\":\"column\",\"props\":{\"image_position\":\"center-center\",\"width_large\":\"2-3\",\"media_overlay_gradient\":\"\",\"position_sticky_breakpoint\":\"m\"},\"children\":[{\"name\":\"Map Style Inverse\",\"type\":\"map\",\"children\":[{\"type\":\"map_item\",\"props\":{\"location\":\"49.169,-0.3587\",\"hide\":false,\"show_popup\":false}}],\"props\":{\"show_title\":true,\"show_meta\":true,\"show_content\":true,\"show_image\":true,\"show_link\":true,\"type\":\"roadmap\",\"zoom\":\"12\",\"controls\":false,\"zooming\":false,\"dragging\":true,\"min_zoom\":0,\"max_zoom\":18,\"title_hover_style\":\"reset\",\"title_element\":\"h3\",\"meta_style\":\"meta\",\"meta_align\":\"below-title\",\"meta_element\":\"div\",\"image_svg_color\":\"emphasis\",\"link_text\":\"Read more\",\"link_style\":\"default\",\"margin\":\"default\",\"height\":\"600\",\"width_breakpoint\":false,\"styler_hue\":\"rgba(4, 0, 0, 0)\",\"styler_invert_lightness\":true,\"id\":\"map-style-inverse\",\"attributes\":\"\"}}]},{\"name\":\"\",\"type\":\"column\",\"props\":{\"image_position\":\"center-center\",\"media_overlay_gradient\":\"\",\"vertical_align\":\"middle\",\"style\":\"secondary\",\"preserve_color\":false,\"width_large\":\"1-3\",\"position_sticky_breakpoint\":\"m\"},\"children\":[{\"name\":\"\",\"type\":\"list\",\"props\":{\"show_image\":true,\"show_link\":true,\"image_align\":\"left\",\"image_vertical_align\":true,\"content_style\":\"heading-small\",\"text_align\":\"left\",\"margin\":\"large\",\"animation\":\"parallax\",\"parallax_breakpoint\":\"m\",\"parallax_y_start\":\"30\",\"parallax_y_end\":\"0\",\"parallax_viewport\":\"0.3\",\"list_size\":\"\",\"list_element\":\"ul\",\"column_breakpoint\":\"m\",\"image_svg_color\":\"emphasis\",\"list_type\":\"vertical\",\"list_horizontal_separator\":\", \"},\"children\":[{\"name\":\"\",\"type\":\"list_item\",\"props\":{\"content\":\"\n\n<p>15 Boulevard Mar\\u00e9chal Lyautey<\\\/p>\"}},{\"name\":\"\",\"type\":\"list_item\",\"props\":{\"content\":\"\n\n<p>14000 Caen<\\\/p>\"}}]},{\"name\":\"\",\"type\":\"description_list\",\"props\":{\"show_title\":true,\"show_meta\":true,\"show_content\":true,\"show_link\":true,\"layout\":\"grid-2\",\"meta_style\":\"h4\",\"meta_align\":\"below-content\",\"title_style\":\"h4\",\"title_color\":\"muted\",\"content_style\":\"lead\",\"animation\":\"none\",\"title_colon\":false,\"list_size\":\"\",\"title_grid_column_gap\":\"\",\"title_grid_row_gap\":\"\",\"title_grid_breakpoint\":\"\",\"title_grid_width\":\"small\",\"title_leader\":true,\"title_element\":\"div\",\"list_element\":\"ul\",\"column_breakpoint\":\"m\"},\"children\":[{\"name\":\"\",\"type\":\"description_list_item\",\"props\":{\"meta\":\"\",\"title\":\"Tel\",\"content\":\"\n\n<p>06 84 43 17 91<\\\/p>\",\"link\":\"tel:+555-1234678\"}},{\"name\":\"\",\"type\":\"description_list_item\",\"props\":{\"meta\":\"\",\"title\":\"Mail\",\"content\":\"\n\n<p>aanb@orange.fr<\\\/p>\",\"link\":\"tel:+555-1234678\"}}]}]}]}]}],\"version\":\"2.7.22\"} --><\/p>\n","protected":false},"excerpt":{"rendered":"<p>NOUS CONTACTER Heures d&rsquo;ouverture Lundi 09:00 \u2013 19:00 Mardi 09:00 \u2013 19:00 Mercredi 09:00 \u2013 19:00 Jeudi 09:00 \u2013 19:00 Vendredi 09:00 \u2013 19:00 Samedi Ferm\u00e9 Dimanche ferm\u00e9 Vous avez une question ? 49.169,-0.3587 15 Boulevard Mar\u00e9chal Lyautey 14000 Caen Tel 06 84 43 17 91 Mail aanb@orange.fr<\/p>\n","protected":false},"author":1,"featured_media":0,"parent":0,"menu_order":2,"comment_status":"open","ping_status":"open","template":"","meta":{"footnotes":""},"class_list":["post-21","page","type-page","status-publish","hentry"],"acf":[],"_links":{"self":[{"href":"https:\/\/nikkib.clicetcom.fr\/index.php?rest_route=\/wp\/v2\/pages\/21","targetHints":{"allow":["GET"]}}],"collection":[{"href":"https:\/\/nikkib.clicetcom.fr\/index.php?rest_route=\/wp\/v2\/pages"}],"about":[{"href":"https:\/\/nikkib.clicetcom.fr\/index.php?rest_route=\/wp\/v2\/types\/page"}],"author":[{"embeddable":true,"href":"https:\/\/nikkib.clicetcom.fr\/index.php?rest_route=\/wp\/v2\/users\/1"}],"replies":[{"embeddable":true,"href":"https:\/\/nikkib.clicetcom.fr\/index.php?rest_route=%2Fwp%2Fv2%2Fcomments&post=21"}],"version-history":[{"count":24,"href":"https:\/\/nikkib.clicetcom.fr\/index.php?rest_route=\/wp\/v2\/pages\/21\/revisions"}],"predecessor-version":[{"id":1514,"href":"https:\/\/nikkib.clicetcom.fr\/index.php?rest_route=\/wp\/v2\/pages\/21\/revisions\/1514"}],"wp:attachment":[{"href":"https:\/\/nikkib.clicetcom.fr\/index.php?rest_route=%2Fwp%2Fv2%2Fmedia&parent=21"}],"curies":[{"name":"wp","href":"https:\/\/api.w.org\/{rel}","templated":true}]}}